 by 37.
33
Suppose 0 = 39*b - 4637 - 2656. What is the remainder when b is divided by 24?
19
Let i be 598*(2 - (1 + 0)). Let b be 22/66 + (i/6 - 2). Let y = b - -7. What is the remainder when y is divided by 54?
51
Suppose 0*r + 2 = -2*r. Let k(l) = -37*l**3 - 3*l**2 - 2*l + 2. Calculate the remainder when k(r) is divided by 8.
6
Suppose -8 - 22 = 5*x + h, -2*h = 0. What is the remainder when ((-4)/3)/(2/(-96)) is divided by -27*(176/33 + x)?
10
Let g(s) = s**3 - 38*s**2 - 56*s - 78. Let d be g(57). What is the remainder when ((-4)/(-5))/(-9 + d/6495) is divided by 62?
60
Let h(i) = -104*i - 73. Calculate the remainder when h(-2) is divided by 30.
15
Let z = -98 - -347. Let c = z + -107. What is the remainder when c is divided by 18?
16
Suppose q + 9*q = -240. Let l = q + 36. Calculate the remainder when 6 is divided by l/((-9)/((-45)/10)).
0
Let f(x) be the first derivative of -x**2 + 6 + 29 + 2. Calculate the remainder when f(-18) is divided by 8.
4
Let u(d) = d**3 + 29*d**2 + 50*d - 5. Suppose 0 = 2*t + 117 - 63. What is the remainder when u(t) is divided by 56?
47
Let h = -4566 + 4917. What is the remainder when 1323 is divided by h?
270
Suppose 6*m - 286 - 561 = -595. What is the remainder when 1467 is divided by m?
39
Let i = 33 + -35. Let k(r) = r**2 - r. Let a(d) = -6*d**2 + 8*d + 5. Let t(l) = -a(l) - 4*k(l). What is the remainder when 20 is divided by t(i)?
9
Let t = 4069 - 3909. Calculate the remainder when t is divided by 75.
10
Let t = 11636 - 11563. Calculate the remainder when 493 is divided by t.
55
Suppose 778*f = 780*f + 456. Let d = f - -278. Calculate the remainder when d is divided by (28/(-6) + 0)*-3.
8
Let k(p) = -4*p**3 - 20*p**2 - 13*p - 137. Calculate the remainder when 2374 is divided by k(-6).
79
Suppose -5*x = -41*m + 29*m - 123, -150 = -4*x + m. Let h = -85 - -90. Calculate the remainder when x is divided by h.
4
Suppose -16 = 3*r - 11*r. Suppose -3*w - 2*p = 2*p - 433, 4*w - 594 = -r*p. What is the remainder when w is divided by 53?
45
Let k(m) = 3*m**2 - 3*m + 2*m + 5*m. Suppose 2718 = 81*q + 2475. Calculate the remainder when k(3) is divided by q.
0
Suppose -52*p + 5303 = -573. Suppose -2*v + 13 = -13. What is the remainder when p is divided by v?
9
Suppose 3*b = 4*t + 275, -55*b + 50*b + 441 = 2*t. What is the remainder when 1027 is divided by b?
48
Let r = -561 - -642. What is the remainder when r is divided by 54?
27
Let d(x) = 303*x + 1378. Calculate the remainder when d(1) is divided by 336.
1
Calculate the remainder when (-2525)/2*(-948)/790 is divided by 216.
3
Let k(c) = -3*c**3 - 48*c**2 + 18*c - 164. What is the remainder when k(-17) is divided by 57?
55
Suppose -5*d - 3 = -2*d, -2*i + 1063 = 5*d. Suppose -i = 12*o - 14*o. Calculate the remainder when o is divided by 16.
11
Suppose 22*j - 26*j = 2132. Let p = 794 + j. What is the remainder when p is divided by 24?
21
Suppose 4*d + 68 - 252 = 0. Let f be ((-375)/(-100))/(3/4). Suppose -4*k + f + 59 = 0. Calculate the remainder when d is divided by k.
14
Let y(p) be the second derivative of p**4/3 - p**2/2 - 2*p - 10. Calculate the remainder when y(5) is divided by 51.
48
Let u(m) = m**3 + 13*m**2 + 35*m - 5. What is the remainder when 1322 is divided by u(-9)?
2
Let s = 7714 + -6115. What is the remainder when s is divided by 10?
9
Let z = 511 - 883. Suppose 0 = -2*a + l + 55 + 110, -5*l + 405 = 5*a. Calculate the remainder when a is divided by (z/(-21) - 4) + (-4)/(-14).
12
Let u be (6 - 20)/(2/(-29)). Suppose 3*h = -4*h + u. Suppose 59 - h = 2*f. What is the remainder when 59 is divided by f?
14
Suppose 185 = 3*w + 5*h, -4*h - 176 = -8*w + 5*w. What is the remainder when (-5)/(w/(-268))*3 is divided by 14?
11
Let h(m) = -m**3 - 9*m**2 - 9*m + 5. Let l be h(-9). Suppose 0 = 21*k - 17*k - 72. Calculate the remainder when k is divided by l/12 - 2/12.
4
Suppose 0 = -2*r + 6*f - 2*f - 320, -3*r + 4*f = 470. Let o = 84 + r. Let k = -60 - o. Calculate the remainder when k is divided by 2.
0
Suppose 5*h - 7128 = m, 68*m - 72*m = h - 1455. What is the remainder when h is divided by 21?
20
Let m = 3763 + -3717. What is the remainder when 285 is divided by m?
9
Let t be -8 - (120 + (-6 - -5)) - -6. Suppose 4*p + 3*q + 567 = 0, -q = -3*p - 2*q - 429. Let x = t - p. What is the remainder when 228 is divided by x?
21
Suppose 4*q = 5*m + 201, -5*m = 4*q - 31 - 200. Calculate the remainder when q is divided by (-6)/(3*2/(-15)).
9
Let n = -493 + 497. Suppose -5*f + 441 = -4*s, -3*s + 0*s + 448 = 5*f. Calculate the remainder when f is divided by 9/(((-21)/56)/((-3)/n)).
17
Suppose 73*t - 68*t + 1977 = 3*q, -3*t + 2025 = 3*q. What is the remainder when q is divided by 40?
29
Let a = -8226 + 8241. What is the remainder when 1887 is divided by a?
12
Suppose 0 = -1532*p + 1528*p - k + 454, -111 = -p + k. Calculate the remainder when 477 is divided by p.
25
Let j = 313 - 227. Calculate the remainder when ((-4)/8*j)/((-2)/6) is divided by 5.
4
Let a = 6355 + 1324. Calculate the remainder when a is divided by 5.
4
Let p(f) = f**3 + 16*f**2 + 33*f + 11. Let h be ((-16)/6 - 2)/((-4)/(-6)). Calculate the remainder when p(h) is divided by 79.
63
Suppose 0 = -2*h + 2*g + 59 - 15, -3*g = -4*h + 89. Calculate the remainder when (-2)/(-6) + (-197)/(-3) is divided by h.
20
Let f = -1856 + 2341. Calculate the remainder when f is divided by 95.
10
Suppose 13 + 39 = 13*t. Suppose -5*j - 56 = -t*g, -5*j = -5*g + 20 + 55. Calculate the remainder when 35 is divided by g.
16
Let o be 7/(42/1194)*(1 + 0). Suppose 0 = 18*v - o - 71. What is the remainder when 29 is divided by v?
14
Suppose 3*r + 2*r - 2*l = 6260, -2*l - 5010 = -4*r. Let u = r + -808. Calculate the remainder when u is divided by 37.
35
What is the remainder when ((-11)/((-33)/(-900)))/(31 + -33) is divided by 81?
69
Let g(c) = -c**3 - 6*c**2 - 172*c - 1163. Calculate the remainder when g(-7) is divided by 34.
22
Suppose 7*x + 232 = -x. Let y = x + 33. What is the remainder when 30 is divided by y?
2
What is the remainder when (-49975)/(-75) - 21/9 is divided by 297?
70
Suppose 29 = 2*n + 5*b, -4*n - 2 = -6*n + 4*b. Suppose 0*m - 791 = n*m. Let k = -96 - m. What is the remainder when 132 is divided by k?
13
Let n(d) = 2*d**3 - 34*d**2 - 53*d - 91. Calculate the remainder when 1757 is divided by n(19).
27
Let b(o) = -23*o. Suppose 0 = -3*r - 125 + 437. Let x = r + -80. What is the remainder when b(-3) is divided by x?
21
Let l be 3/9 - 328/(-6). Suppose q = -3*z + l, 3*q - 2*z - 178 = 2*z. Calculate the remainder when q is divided by (-6380)/(-2552)*(12/3 - -2).
13
Let z(o) = -16*o + 25. Let l be z(5). Let w = l + 73. Calculate the remainder when 67 is divided by w.
13
Let f be 119610/(-108)*((-18)/10 - -1). Let m = 943 - f. What is the remainder when 224 is divided by m?
53
Suppose 25 = 5*k, 3*w + 0*w + 5*k = 376. Suppose -w = -15*j + 33. Suppose -2*q - 14 = -4, 0 = 2*u - 2*q - 184. Calculate the remainder when u is divided by j.
7
Let z(c) = c**2 - 6*c + 11. Calculate the remainder when -1*1/11*2 + (-186760)/(-2552) is divided by z(9).
35
Let j(s) = -5*s**2 + 156*s - 17. Let h be j(30). Suppose 13*b = -h + 436. What is the remainder when 314 is divided by b?
20
Let h(x) = -16*x + 65. Let k be h(3). Suppose -3*j - 2*d + 26 = 0, j + d + 9 - k = 0. What is the remainder when 67 is divided by j?
7
Let d = 12738 - 12303. What is the remainder when 3056 is divided by d?
11
Suppose 266 + 30 = 4*u - 4*y, -4*y + 118 = 2*u. Suppose 3*d = 4*v - 56, 11*v - 6*v - 4*d = u. What is the remainder when 59 is divided by v?
8
Suppose -61 = -3*t - 16. Let g = 134 - t. Let l(h) = 31*h**3 + h**2 - 1. Calculate the remainder when g is divided by l(1).
26
Suppose -47*b - 176 = -25*b. What is the remainder when (-758)/b + (-27)/(-108) is divided by 27?
14
What is the remainder when 4279 is divided by ((-12)/(-14))/(13 + 907/(-70))?
19
Suppose 37 = f - 58. Calculate the remainder when f is divided by (-1)/(3 + 148/(-49)).
46
Let j = 33 + -52. Let v = j + 0. Let a = v + 41. Calculate the remainder when 84 is divided by a.
18
Let z(x) = 7*x**2 + 7*x + 1. Let m = 151 + -477. Let y = m - -362. What is the remainder when z(-5) is divided by y?
33
Suppose -3*j = 12, 6*m + 5*j + 35 = m. Let n be (6/(-12))/(m/(-6)*1). What is the remainder when 57 is divi